 -6)*52/10?
8
Let r = 34 + 34. What is the units digit of r?
8
Let x(l) = 3*l**2 + 12*l - 16. What is the tens digit of x(-8)?
8
Let c be 3 - 0 - (-62 - 1). Suppose -r = 3*r + 5*v - c, -5*r + 5*v + 60 = 0. What is the units digit of r?
4
Let t be 24*-2*2/(-8). Suppose -3*w + t = -12. Let g = -7 + w. What is the units digit of g?
1
Let m(k) = k**2 - k + 2. Let i be m(1). Suppose -107 = -5*z + 2*t, 3*z - 6*t - 67 = -i*t. What is the tens digit of z?
2
Suppose 5*n + 16 = 3*n. Let k = n + 14. Suppose -5*d = -k - 4. What is the units digit of d?
2
Let s = 14 + -9. Let h(v) = v**2 - 4*v - 3. Let o be h(s). Suppose -o = 3*y - 17. What is the units digit of y?
5
Let k(t) = t**2 + 9*t + 7. Let f be k(-7). Let q = 21 + f. What is the tens digit of q?
1
Let v = -3 + 5. Let k be -4*v*(-6)/4. Suppose 4*z - k = z. What is the units digit of z?
4
Let k(i) = -i**3 + i**2 + 11. Suppose 0 = -3*o - 0*o. What is the units digit of k(o)?
1
Let q(n) be the first derivative of n**3/3 + n - 2. Suppose 15 = 5*w + 2*b, 3*w + 5*b = 3 + 6. What is the units digit of q(w)?
0
Suppose 2*d + 710 = 5*q - 3*d, 5*d = q - 142. What is the hundreds digit of q?
1
Suppose -9*b - 2*c = -8*b - 349, 0 = -2*b + 2*c + 722. What is the hundreds digit of b?
3
Let u(f) be the third derivative of 0*f + 0 - 2*f**2 - 1/6*f**4 - 1/6*f**3 + 1/60*f**5. What is the units digit of u(5)?
4
Suppose -5*z = -6*z + 71. What is the tens digit of z?
7
Let w = 12 + 19. Suppose 2*u = w + 13. What is the tens digit of u?
2
What is the tens digit of 4 - ((-3)/1 - 79)?
8
Let w(z) = z**3 + 8*z**2 - 6. Let l be w(-8). What is the units digit of (l/2)/(-2 - -1)?
3
Suppose -4*f + 16 = -0*f. Suppose -9 = -f*w + 7. Suppose 21 + w = 5*j. What is the units digit of j?
5
Let i = 12 - 35. Let d = i + 51. What is the tens digit of d?
2
Suppose 6 = -2*h + 22. Suppose -2*c + 28 = -4*i, 2*c = 2*i + 10 + h. Let n = i + 6. What is the units digit of n?
1
Suppose -2*y + 144 = 2*y - 4*i, 0 = -4*y + 5*i + 139. Let p = y - 28. What is the units digit of p?
3
Suppose -3*w = 24 - 3. Let a(x) = 4*x**3 + 4*x**2 - 5. Let y(o) = -11*o**3 - 13*o**2 + 16. Let j(k) = 8*a(k) + 3*y(k). What is the units digit of j(w)?
8
Suppose 35 = -0*b + b. What is the units digit of b?
5
What is the tens digit of 435/(-10)*(2 - 4)?
8
Let x = -17 + 36. Let g = 4 - 2. Suppose -p + 3*p - x = -3*f, 0 = -5*f - g*p + 29. What is the units digit of f?
5
Let i(o) = -o**3 + 4*o**2. Let z(j) = j**3 - 4*j**2 - j + 1. Let p(y) = 4*i(y) + 3*z(y). What is the units digit of p(3)?
3
Suppose 12*g + 5*w - 207 = 10*g, g - w - 93 = 0. What is the tens digit of g?
9
Let r be -3*(3 + 2 + 1). Let g = -9 - r. What is the units digit of 3/(g/6 - 0)?
2
Suppose -71 = 3*y + b, 4*y + 2*b + 93 = -b. Let v be ((-2)/4)/((-1)/y). What is the tens digit of (3/2)/(v/(-80))?
1
Suppose 2*r + 96 = -r. Let x = r - -50. What is the units digit of x?
8
What is the units digit of (-22 - 0)*(-6)/24*14?
7
Let v(k) = k**3 + 4*k**2 - 14*k - 2. Let n be v(-6). Let y(t) = t**2 - 5*t - 6. Let d be y(5). What is the units digit of n/(-15) + (-28)/d?
4
Let n = 4 - -3. Suppose 3*i + n - 104 = -5*j, 0 = 4*i - 5*j - 141. What is the units digit of i?
4
Let n(z) = z + 4. Let l be n(-3). Suppose -4*q + 16 = -4*g, -3 = -5*g - q + l. Suppose 5*o + 4*t - 4 = 0, -3*o = 3*t - g*t. What is the units digit of o?
4
Let i = 2 - 0. Suppose 4*k + g - 22 = -g, 2*k - 5*g = 5. Let t = k + i. What is the units digit of t?
7
Let t = -3 - -10. Suppose 3*v = 4*y - 7, -3*y - 2*v - 18 = -2. What is the tens digit of t*(-1 - (-1 + y))?
1
Suppose 3*t - 4*r - 20 = 0, -r + 0 = 3*t - 25. Let l(w) = 7*w**2 - 10 + w**3 - 6*w - 2*w**3 + 17*w. What is the tens digit of l(t)?
1
Suppose 5*i + 0*i = 0. Suppose -4*s - s + b + 72 = i, -3*s + 2*b = -39. Suppose 2*f = -4, 44 - s = 3*u - 4*f. What is the units digit of u?
7
Let m(k) = -91*k - 1. Let p be m(-1). Suppose 0 = 2*g + 3*g + c - p, 2*g = -c + 33. Let f = 32 - g. What is the units digit of f?
3
Let l = 9 - 6. Let z be 1 - l/(-9)*-3. Suppose 5*m = 3*j - 8, z = -3*j - 2*m + 22 - 0. What is the units digit of j?
6
Let q(b) = -4*b - 5. Let m be q(-4). Let w = 5 + m. What is the tens digit of w?
1
Let l = 24 - 6. What is the tens digit of l?
1
Suppose 2*m = -i + 2, 5*m + 2*i - 5 = -2*i. Suppose -1 - m = -2*y. What is the units digit of 2/(-4)*(-15 - y)?
8
Suppose -11 = -r + 51. What is the units digit of r?
2
Suppose 3*c - 74 = c - 4*v, -84 = -3*c + 3*v. Let x = c - 17. What is the tens digit of x?
1
Suppose 6 = -v - 1. Let q = 7 + v. Suppose -5*d + 15 = -q*d. What is the units digit of d?
3
Let w(b) be the first derivative of -b**3/3 + b**2 - 2*b + 3. Let s be w(2). What is the units digit of (2/(-4))/1*s?
1
Suppose -f = 34 - 5. Let q = 42 + f. What is the units digit of q?
3
Suppose f - 546 = -f. What is the units digit of 2/4 - f/(-14)?
0
Let u be (-54)/(-10) - (-2)/(-5). Suppose -g - 4*h + 8*h + 22 = 0, 4*g - u*h = 55. What is the tens digit of g?
1
Suppose 2*f - 6*f = -a + 5, f - 51 = 5*a. Let u = a - -19. What is the units digit of (-2)/u - 10/(-8)?
1
Suppose -k - 972 = -3*k. Suppose 5*y + 146 = k. Suppose 8*t - 4*t = y. What is the tens digit of t?
1
Let u(b) = -b + 10. Let h be u(-10). Suppose 0 = -2*i + h. What is the tens digit of i?
1
Let h be (-6)/9*(-174)/4. Suppose 4*x - 3 = h. What is the units digit of x?
8
Let a(m) = -14 - 7 + 18 + 7*m. What is the units digit of a(3)?
8
Let d = 29 + 65. What is the units digit of d?
4
Let o = 17 + -4. Suppose 2*c - o + 1 = 0. What is the units digit of c?
6
Let t(p) = 5*p**3 + 4*p**2 + 10*p - 3. Let n(b) = 11*b**3 + 7*b**2 + 20*b - 7. Let d(c) = 6*n(c) - 13*t(c). What is the units digit of d(11)?
8
Let r be (-4)/((-24)/21)*2. Let a(y) = -y + 17. What is the tens digit of a(r)?
1
Let m(j) = -9*j**2 - 1. Let v be m(1). Let f(l) = -l**2 - 12*l - 12. What is the units digit of f(v)?
8
Let w be (-6 - -5)/(1/(-3)). Suppose 0*a + 117 = w*a. Suppose -k + a = 2*k. What is the tens digit of k?
1
Let a = -31 - -9. Suppose -f + 160 = 4*f. Let m = f + a. What is the tens digit of m?
1
Let g = 68 + -37. What is the tens digit of g?
3
Suppose 0 = -2*k + 23 + 5. What is the tens digit of k?
1
Suppose 5*s + 4 + 6 = 0, 5*j = 5*s + 5. What is the units digit of 1 + (j - 1 - -2)?
1
Suppose 5*y = y - 20. Let u = y - -1. Let x(c) = -2*c. What is the units digit of x(u)?
8
Let b be (2 - 2) + (-2)/(-1). Suppose -6*a - p + 12 = -2*a, 2*a = b*p - 4. Suppose g - 8 = a*m, 1 = -m - 2. What is the units digit of g?
2
Let o be (-3)/15 - (-84)/20. Let z = 17 - o. What is the units digit of z?
3
Let t(m) = 2*m**3 - 4*m + m**2 + 4 + m**3 - 1. Let d be t(2). Let f = d - 13. What is the tens digit of f?
1
Suppose -2*z = -3 + 11, 5*l + 2*z = 37. What is the units digit of 8/6 - (-6)/l?
2
Let w(l) = -l**2 - 5*l + 4. Let u be w(-5). Let c be 3 - (u - 2) - -6. Let f = 11 - c. What is the units digit of f?
4
Suppose 5*k - 30 = 4*p, 3*k - 5*p - 35 = -2*k. Suppose -3*z + 2*u = -k*u - 7, 4*z = -u + 22. Suppose z*o - 36 = o. What is the units digit of o?
9
Suppose 21 = 2*r - 69. What is the units digit of r?
5
Let m be ((-10)/3)/((-6)/9). Suppose y - 62 = -y. Suppose -m*d + 3 = -5*i + 33, -i - 4*d = -y. What is the units digit of i?
1
Suppose -5*v - 25 = 0, 5*v = -t - 0*t - 20. Let d = -2 + t. Let a = d - 1. What is the units digit of a?
2
Let n(r) = 14*r**2 + r - 6. What is the hundreds digit of n(-4)?
2
Let i = -25 - -41. What is the tens digit of i?
1
Suppose 2*t - 40 = 2*k, -k - 2 = -5*t + 14. What is the units digit of (40/(-28))/(3/k)?
0
Let z = -20 + 32. What is the tens digit of 222/z + 6/(-4)?
1
Let z = 412 - 291. What is the units digit of z?
1
Suppose -46 = -3*p + 2*i - 7*i, p - i - 2 = 0. What is the units digit of p?
7
Suppose u - 172 = 46. What is the units digit of u?
8
Suppose 2*v - 17 = 5*v + 2*s, 3 = -3*s. Let h = v - -4. Let q = 4 + h. What is the units digit of q?
3
Let y(k) = 3*k**3 - k**2 - 2*k + 2. Let d be y(2). Suppose -5*h - 2*l - 8 - 7 = 0, -3*h = 3*l + d. What is the units digit of 38/6 - h/(-3)?
6
Suppose 0*k - k = -5*c - 197, 4*k + c = 872. Suppose -5*s + 38 = -k. What is the tens digit of s?
5
Let i(x) = -42*x**3 + 2*x**2 - 1. Let v be i(1). Let n = -7 - v. What is the tens digit of n?
3
Let j be (3/(-3))/(2/(-6)). Suppose 0 = 2*r - 2, -3*r - 16 -